{"id":47,"date":"2015-05-18T13:04:08","date_gmt":"2015-05-18T12:04:08","guid":{"rendered":"http:\/\/www.pcd-online.fr\/?page_id=47"},"modified":"2015-05-18T13:04:08","modified_gmt":"2015-05-18T12:04:08","slug":"pourquoi-faire-un-don","status":"publish","type":"page","link":"https:\/\/pcdonline.fr\/index.php\/pourquoi-faire-un-don\/","title":{"rendered":"Pourquoi faire un don ?"},"content":{"rendered":"<div id=\"dslc-theme-content\"><div id=\"dslc-theme-content-inner\"><div class=\"row\">\n<div class=\"col-sm-8\">\n<h3><span style=\"color: #993300;\">PCD ne fonctionne que gr\u00e2ce aux cotisations de ses membres et aux dons des soci\u00e9t\u00e9s bienfaitrices<\/span><\/h3>\n<p>&nbsp;<\/p>\n<p>L&rsquo;Cout de l&rsquo;envoi d&rsquo;un colis de 8 m3 par voie maritime = 1000 \u20ac en moyenne<\/p>\n<p><span style=\"font-family: Calibri;\">Cout moyen d\u2019un enseignement intensif\u00a0de 20 \u00e9l\u00e8ves durant 15 jours: <\/span><\/p>\n<p><span style=\"font-family: Calibri;\">\u00a0\u00a0\u00a0\u00a0\u00a0\u00a0\u00a0\u00a0\u00a0\u00a0\u00a0\u00a0\u00a0\u00a0\u00a0\u00a0\u00a0\u00a0\u00a0\u00a0\u00a0\u00a0\u00a0\u00a0\u00a0\u00a0\u00a0\u00a0\u00a0\u00a0\u00a0\u00a0\u00a0\u00a0\u00a0\u00a0\u00a0\u00a0\u00a0\u00a0\u00a0\u00a0 15 000\u20ac pour l\u2019histo-cytologie ,<\/span><\/p>\n<p><span style=\"font-family: Calibri;\">\u00a0\u00a0\u00a0\u00a0\u00a0\u00a0\u00a0\u00a0\u00a0\u00a0\u00a0\u00a0\u00a0\u00a0\u00a0\u00a0\u00a0\u00a0\u00a0\u00a0\u00a0\u00a0\u00a0\u00a0\u00a0\u00a0\u00a0\u00a0\u00a0\u00a0\u00a0\u00a0\u00a0\u00a0\u00a0\u00a0\u00a0\u00a0\u00a0\u00a0\u00a0\u00a0 32 000\u20ac pour un atelier d\u2019immunohistochimie<\/span><\/p>\n<h3>Vous pouvez nous aider financi\u00e8rement :<\/h3>\n<ul>\n<li>En adh\u00e9rant \u00e0 l&rsquo;association (40 \u20ac l&rsquo;ann\u00e9e)\n<ul>\n<li>Soit\u00a0 en nous retournant par courrier postal le formulaire d&rsquo;adh\u00e9sion`<\/li>\n<li>soit en adh\u00e9rant directement en ligne<\/li>\n<\/ul>\n<\/li>\n<li><\/li>\n<li>En faisant un don\n<ul>\n<li>soit en contactant notre<a href=\"http:\/\/www.pcd-online.fr\/nous-contacter\/\" target=\"_blank\"> tr\u00e9sorier<\/a><\/li>\n<li>soit l\u00e0 encore par simple virement<\/li>\n<\/ul>\n<\/li>\n<li><\/li>\n<li>Vous recevrez dans tous les cas un justificatif vous permettant de d\u00e9duire 60 % de la somme de votre d\u00e9claration de revenus<\/li>\n<\/ul>\n<h3 style=\"text-align: left;\">Vous pouvez nous aider \u00e9galement<\/h3>\n<p>&nbsp;<\/p>\n<ul>\n<li>en venant nous pr\u00eater main forte pour la r\u00e9alisation des colis\n<ul>\n<li>laisser vos coordonn\u00e9es sur le formulaire de contact<\/li>\n<\/ul>\n<\/li>\n<\/ul>\n<ul>\n<li>en nous faisant dons de vos anciens automates quand vous en changez\n<ul>\n<li>contacter notre <a href=\"http:\/\/www.pcd-online.fr\/nous-contacter\/\" target=\"_blank\">responsable don de mat\u00e9riel<\/a><\/li>\n<\/ul>\n<\/li>\n<\/ul>\n<\/div>\n<div class=\"col-sm-4\">\n<h3 style=\"text-align: center;\">Sur le terrain\u2026<\/h3>\n<p><img decoding=\"async\" class=\"img-responsive ngg_displayed_gallery mceItem\" src=\"http:\/\/www.pcd-online.fr\/nextgen-attach_to_post\/preview\/id--288\" alt=\"\" data-mce-placeholder=\"1\" \/><\/p>\n<\/div>\n<\/div>\n<\/div><\/div>","protected":false},"excerpt":{"rendered":"<p>PCD ne fonctionne que gr\u00e2ce aux cotisations de ses membres et aux dons des soci\u00e9t\u00e9s bienfaitrices &nbsp; L&rsquo;Cout de l&rsquo;envoi d&rsquo;un colis de 8 m3 par voie maritime = 1000 \u20ac en moyenne Cout moyen d\u2019un enseignement intensif\u00a0de 20 \u00e9l\u00e8ves durant 15 jours: \u00a0\u00a0\u00a0\u00a0\u00a0\u00a0\u00a0\u00a0\u00a0\u00a0\u00a0\u00a0\u00a0\u00a0\u00a0\u00a0\u00a0\u00a0\u00a0\u00a0\u00a0\u00a0\u00a0\u00a0\u00a0\u00a0\u00a0\u00a0\u00a0\u00a0\u00a0\u00a0\u00a0\u00a0\u00a0\u00a0\u00a0\u00a0\u00a0\u00a0\u00a0\u00a0 15 000\u20ac pour l\u2019histo-cytologie , \u00a0\u00a0\u00a0\u00a0\u00a0\u00a0\u00a0\u00a0\u00a0\u00a0\u00a0\u00a0\u00a0\u00a0\u00a0\u00a0\u00a0\u00a0\u00a0\u00a0\u00a0\u00a0\u00a0\u00a0\u00a0\u00a0\u00a0\u00a0\u00a0\u00a0\u00a0\u00a0\u00a0\u00a0\u00a0\u00a0\u00a0\u00a0\u00a0\u00a0\u00a0\u00a0 32 000\u20ac pour un atelier[&hellip;]<\/p>\n","protected":false},"author":1,"featured_media":0,"parent":0,"menu_order":0,"comment_status":"open","ping_status":"open","template":"","meta":{"footnotes":""},"class_list":["post-47","page","type-page","status-publish","hentry"],"_links":{"self":[{"href":"https:\/\/pcdonline.fr\/index.php\/wp-json\/wp\/v2\/pages\/47","targetHints":{"allow":["GET"]}}],"collection":[{"href":"https:\/\/pcdonline.fr\/index.php\/wp-json\/wp\/v2\/pages"}],"about":[{"href":"https:\/\/pcdonline.fr\/index.php\/wp-json\/wp\/v2\/types\/page"}],"author":[{"embeddable":true,"href":"https:\/\/pcdonline.fr\/index.php\/wp-json\/wp\/v2\/users\/1"}],"replies":[{"embeddable":true,"href":"https:\/\/pcdonline.fr\/index.php\/wp-json\/wp\/v2\/comments?post=47"}],"version-history":[{"count":0,"href":"https:\/\/pcdonline.fr\/index.php\/wp-json\/wp\/v2\/pages\/47\/revisions"}],"wp:attachment":[{"href":"https:\/\/pcdonline.fr\/index.php\/wp-json\/wp\/v2\/media?parent=47"}],"curies":[{"name":"wp","href":"https:\/\/api.w.org\/{rel}","templated":true}]}}